02 = -2*o. Calculate the highest common divisor of 11 and o.
11
Let p(h) = h**2 - 4*h + 1. Let w be p(4). Let a = -4944 + 4945. What is the greatest common factor of w and a?
1
Let l = 141 - -599. Calculate the highest common divisor of l and 5.
5
Let s be 85/4 - (-9)/12. Let x = -224 - -334. Calculate the highest common factor of x and s.
22
Let w(n) = n**3 - 38*n**2 + 82*n + 46. Let y be w(38). What is the highest common factor of y and 102?
102
Let f be ((-9)/(-2))/(1/2). Suppose j + 3*n - f = 0, 0 = -3*j + n + 52 - 5. Let a = -82 - -127. What is the highest common factor of j and a?
15
Suppose -n = -2*y + 31, -2*y = -2*n - 2*n - 16. Let s be 136/10 - y/(-45). Let b = 36 - 1. Calculate the highest common factor of b and s.
7
Let i(h) = -2*h**2 - 19*h + 57. Let t be i(-10). Calculate the highest common divisor of 47 and t.
47
Let f be 21/7 + 1 + 8. Suppose -2 = 2*k - 2*i, 3*k = 4*k + 5*i - 23. Let w = k + 129. What is the highest common divisor of f and w?
12
Let p = -66 + -20. Suppose -2*y - 3*y + 705 = 0. Let v = p + y. Calculate the greatest common factor of 11 and v.
11
Let g be (2 - 4)/1*1. Let z be 22 - g/2*1. Calculate the highest common divisor of z and 115.
23
Let z = 6 + -2. Suppose 3*q + 2*l = -0*q - 2, 0 = -4*q - 4*l - z. Suppose 1 = i + 2*w, q*i - 3*i + 3 = 2*w. Calculate the greatest common divisor of 8 and i.
1
Let y be (-1)/(-2)*(-128)/(-16). Let w be y/(-36)*-322 - (-2)/9. What is the highest common divisor of w and 27?
9
Suppose -5*w + 143 = -6177. Calculate the greatest common divisor of w and 16.
16
Let d(f) = f**2 + 6*f + 2 + 3*f - 7*f - 4*f. Let r be d(2). What is the greatest common divisor of 2 and r?
2
Suppose -d + 7 = 6. Let t(z) = z + 3. Let o be t(0). Suppose 3*r = 5*x + 9, -3*r + 4*r = o*x - 1. What is the highest common factor of r and d?
1
Let d(x) = x**2 + 8*x - 20. Let r be d(-10). Suppose r = 5*o - 79 + 29. Let h be (2/(-6))/((-1)/45). Calculate the greatest common divisor of h and o.
5
Suppose -w + 0*w + 58 = 0. Let y(b) = -4*b**2 - 112*b + 29. Let r be y(-28). Calculate the highest common factor of r and w.
29
Let v be (-92)/(-24) + 3 + 34/(-12). Calculate the greatest common divisor of 20 and v.
4
Suppose -h - 14 = 4*r, -4*r = 4 + 12. Let n = -3 - -10. Suppose h*f = n + 11. What is the greatest common factor of f and 81?
9
Let k = -85 - -374. What is the highest common divisor of k and 119?
17
Let l(s) = 16*s + 3. Let d be l(2). What is the highest common factor of 84 and d?
7
Suppose g = -20 + 74. What is the highest common factor of 126 and g?
18
Let g be ((-4)/(-3))/(3/(-9)). Let j(m) = -2*m - 6. Let b be j(g). Suppose -2*z - l = -17, 5*l - 4 = b*z - 3. Calculate the greatest common factor of z and 49.
7
Let n = -3 + 4. Let i(g) = 4*g - 11. Let c be i(5). Calculate the greatest common divisor of c and n.
1
Suppose 325 + 341 = -2*h. Let r = h + 558. What is the highest common factor of r and 25?
25
Suppose -p - 23 = -i + 2*p, -2*i + 24 = 5*p. Calculate the greatest common divisor of 153 and i.
17
Suppose b - 176 = -n - 171, 18 = 4*b + 3*n. Suppose -g + 3*g = 6. Calculate the highest common factor of g and b.
3
Let m = -876 - -886. What is the greatest common divisor of m and 230?
10
Let a be (5 - 51/12)*96. Calculate the highest common factor of 240 and a.
24
Let x(p) = -p**3 + 2*p**2 + 7*p - 9. Let f be x(2). Let k be 3/(2 + 1) - -34. What is the highest common divisor of k and f?
5
Suppose 20*x - 17*x = 12. Suppose -15 = -g + x*f + 51, -2*f = -3*g + 228. Suppose -4*l + g = -l. What is the greatest common divisor of l and 208?
26
Let y = -323 - -488. What is the greatest common factor of 55 and y?
55
Let z = -59 - 7. Let n = 32 - z. Let b be (4/6)/((-2)/(-42)). Calculate the greatest common divisor of b and n.
14
Let h be (10 - -60)/(8/((-24)/(-6))). What is the greatest common divisor of h and 385?
35
Suppose -2*g - 114 = -5*g. What is the greatest common divisor of 133 and g?
19
Let r(i) = -i**3 + 3*i**2 - i + 3. Let d be r(3). Suppose j + 1 - 11 = d. Calculate the greatest common divisor of 20 and j.
10
Let n = -577 + 583. What is the greatest common divisor of 166 and n?
2
Let z(r) = 247*r - 6. Let d be z(-1). Let m = 433 + d. What is the highest common factor of 36 and m?
36
Suppose -4*n - 2*y = -560, -3*n + 5*y = y - 420. What is the greatest common divisor of n and 14?
14
Suppose -4*j - 135 = -9*j. Let x be (-8)/((-24)/6) + j. Calculate the greatest common divisor of x and 319.
29
Let v(n) = -n**3 + 4*n**2 + 3. Suppose -4*d - 20 = -9*d - 2*j, 3*j = 0. Let h be v(d). Calculate the highest common factor of h and 18.
3
Suppose 19*p + 79 = 22*p - 4*r, p = r + 26. Calculate the greatest common factor of p and 10.
5
Let h = 19 + -13. Suppose 2*o - b - 80 = 0, h*o - 200 = o - b. Let t = 25 - 17. What is the highest common factor of t and o?
8
Let p(h) = -h**3 + 16*h**2 - 21*h + 38. Let i be p(15). Let l = i + 116. Calculate the greatest common factor of l and 16.
16
Suppose -181 - 69 = -5*p. Calculate the greatest common divisor of 20 and p.
10
Let x = 470 + -428. What is the highest common divisor of 112 and x?
14
Let o(k) = k**3 + k**2 + 4*k - 11. Let a be o(2). Calculate the highest common factor of 1134 and a.
9
Let a = 62 - 22. Let g = 44 - a. Calculate the greatest common divisor of g and 2.
2
Suppose 0 = 8*q - 10*q. Suppose q = -2*c + 4*l - 7*l - 12, c = 4*l - 6. Let v be (-4068)/(-24) - c/(-4). What is the greatest common factor of 24 and v?
24
Suppose -q + 29 = o - 2*q, 4*o - 5*q = 117. Suppose 0 = 5*v - 2*v - 12. Suppose o + 60 = v*l. What is the highest common factor of l and 33?
11
Let o be (-315)/7*12/(-9). Suppose 0*n - 2*n = -40. What is the highest common divisor of o and n?
20
Suppose 3*g = -4*l + g + 26, 4*g = 3*l - 25. Suppose -3*w - 7 - l = -r, -3*r - w + 92 = 0. Calculate the highest common divisor of 29 and r.
29
Suppose -4*a + 15 - 7 = 0. Suppose -5*y + 2*d = -1094, -2*d + 369 = a*y - 77. Suppose z + y = 5*z. What is the greatest common divisor of 11 and z?
11
Let q be -1*10/(-10)*663. Calculate the greatest common divisor of q and 153.
51
Let l = -83 - -135. Let q be -1 + (l - 6/6). Calculate the highest common factor of q and 20.
10
Let f(g) = -g + 8*g + 72 + 0*g - 3*g. Let u be f(10). What is the highest common factor of 7 and u?
7
Let s(a) = -7 + 0*a + 11*a - 3*a - 1. Let v be s(5). Calculate the highest common factor of 96 and v.
32
Suppose 4*v + 252 = 5*t, 5*t + 153 = 8*t - 3*v. Suppose -a - 2*a = -18. What is the highest common divisor of a and t?
6
Let u(c) = 9*c - 87. Let k be u(27). What is the greatest common factor of 390 and k?
78
Suppose 1007*n - 1012*n = -1900. What is the highest common factor of 304 and n?
76
Let a = -89 + 55. Let r = a + 45. What is the highest common divisor of r and 99?
11
Suppose -2*q = 4*m - 172, q + 164 = 3*q - 4*m. Calculate the highest common factor of 2268 and q.
84
Suppose 83*p = 4285 + 695. What is the highest common divisor of p and 768?
12
Suppose -3*t = -2*h + 15, 2 = -2*h - 2*t - 8. Let b = h + 3. Let x be 1638/(-648)*-6 + (-1)/((-24)/(-4)). Calculate the greatest common factor of b and x.
3
Suppose 0 = -17*h - 371 - 326. Let a = h + 47. Calculate the highest common divisor of a and 3.
3
Let p = 96 + -72. Suppose 4*b + 5 - 21 = 0. Suppose 12 = o - 2*a, a + 39 = 4*o - b*a. What is the greatest common factor of p and o?
6
Suppose -43 = -4*s + 1. Let d be (-57)/s + (-4)/(-22). Let w(c) = 4*c**2 + 7*c + 7. Let l be w(d). What is the greatest common divisor of 18 and l?
18
Let f be 2/3 + 20/6. Suppose -2*n - 3*o + 70 = -o, 4*n - 180 = f*o. Let m = 19 + -9. What is the highest common factor of n and m?
10
Let n be (5 - 0)*(-10)/(-10). Suppose n*p - 136 - 14 = 0. Calculate the greatest common divisor of 20 and p.
10
Let l be 0 - (0 - 1) - -7. Let c = l + -7. Let a = 30 - c. What is the highest common factor of 319 and a?
29
Let k = 147 - 122. Calculate the highest common divisor of k and 10.
5
Let m = -1350 - -1365. What is the greatest common divisor of 465 and m?
15
Let g(u) = -u**3 + 9*u**2 - 2*u - 42. Let v be g(8). Let a(i) = -i**2 - i + 48. Let t be a(0). What is the highest common factor of v and t?
6
Let n be (-6)/24 + (-410)/(-8). What is the highest common divisor of n and 51?
51
Let k = 139 + -121. Calculate the highest co